prime factors of 7756848?
2, 3, 11, 59, 83
What are the prime factors of 746709?
3, 248903
List the prime factors of 33813.
3, 13, 17
List the prime factors of 82907.
11, 7537
What are the prime factors of 426710?
2, 5, 71, 601
List the prime factors of 509441.
509441
What are the prime factors of 453318?
2, 3, 75553
List the prime factors of 22527179.
19, 523, 2267
What are the prime factors of 12044705?
5, 683, 3527
List the prime factors of 4749895.
5, 949979
What are the prime factors of 5355315?
3, 5, 7, 1889
List the prime factors of 59823.
3, 17, 23
What are the prime factors of 25700?
2, 5, 257
What are the prime factors of 920416?
2, 7, 587
What are the prime factors of 172357?
172357
List the prime factors of 10364168.
2, 23, 31, 79
What are the prime factors of 9799388?
2, 2449847
List the prime factors of 11491366.
2, 29, 198127
What are the prime factors of 745341?
3, 248447
What are the prime factors of 407910?
2, 3, 5, 13597
What are the prime factors of 680328?
2, 3, 11, 859
List the prime factors of 454335.
3, 5, 7, 4327
What are the prime factors of 400206?
2, 3, 66701
What are the prime factors of 961358?
2, 233, 2063
What are the prime factors of 7344763?
7344763
List the prime factors of 43475.
5, 37, 47
What are the prime factors of 96833?
11, 8803
List the prime factors of 207933.
3, 11, 6301
List the prime factors of 248161.
248161
What are the prime factors of 17415252?
2, 3, 483757
List the prime factors of 883344.
2, 3, 7, 11, 239
List the prime factors of 20234044.
2, 5058511
What are the prime factors of 238124?
2, 59, 1009
What are the prime factors of 1339987?
11, 61, 1997
What are the prime factors of 243958?
2, 11, 13, 853
List the prime factors of 1343746.
2, 71, 9463
List the prime factors of 2071704.
2, 3, 37, 2333
List the prime factors of 19228077.
3, 11, 101, 641
What are the prime factors of 685004?
2, 171251
List the prime factors of 1714629.
3, 7, 81649
What are the prime factors of 34242597?
3, 59, 1093
List the prime factors of 1522129.
7, 17, 12791
What are the prime factors of 453608?
2, 56701
List the prime factors of 1506845.
5, 23, 13103
List the prime factors of 2081401.
7, 409, 727
List the prime factors of 1042082.
2, 521041
What are the prime factors of 272540?
2, 5, 13627
What are the prime factors of 14769192?
2, 3, 17, 53, 683
List the prime factors of 541553.
197, 2749
List the prime factors of 3325622.
2, 127, 13093
List the prime factors of 1050068.
2, 79, 3323
What are the prime factors of 1674665?
5, 67, 4999
What are the prime factors of 184424?
2, 23053
List the prime factors of 32713.
32713
List the prime factors of 693675.
3, 5, 3083
List the prime factors of 404556.
2, 3, 33713
What are the prime factors of 782784?
2, 3, 151
What are the prime factors of 3991512?
2, 3, 7, 23, 1033
What are the prime factors of 178950?
2, 3, 5, 1193
What are the prime factors of 2523518?
2, 1261759
List the prime factors of 231578.
2, 89, 1301
List the prime factors of 3624415.
5, 347, 2089
What are the prime factors of 1631115?
3, 5, 67, 541
List the prime factors of 4990299.
3, 17, 97849
List the prime factors of 216165.
3, 5, 14411
What are the prime factors of 1460563?
13, 283, 397
List the prime factors of 14773644.
2, 3, 29, 53, 89
What are the prime factors of 84029?
11, 7639
What are the prime factors of 542523?
3, 193, 937
List the prime factors of 4138479.
3, 153277
List the prime factors of 1545742.
2, 11, 17, 4133
List the prime factors of 1164518.
2, 103, 5653
List the prime factors of 9028459.
11, 383, 2143
What are the prime factors of 2290580?
2, 5, 17, 6737
List the prime factors of 684479.
107, 6397
List the prime factors of 152434.
2, 199, 383
What are the prime factors of 4646270?
2, 5, 17, 151, 181
List the prime factors of 2185268.
2, 546317
List the prime factors of 1118018.
2, 11, 89, 571
List the prime factors of 13439501.
463, 29027
What are the prime factors of 2380717?
2380717
List the prime factors of 502608.
2, 3, 37, 283
What are the prime factors of 6980839?
313, 22303
What are the prime factors of 10522077?
3, 127, 27617
What are the prime factors of 2367669?
3, 53, 14891
List the prime factors of 15408238.
2, 7704119
What are the prime factors of 862837?
29, 29753
What are the prime factors of 14657860?
2, 5, 7, 14957
What are the prime factors of 5598566?
2, 29, 96527
List the prime factors of 19019456.
2, 19, 15641
What are the prime factors of 9970508?
2, 461, 5407
List the prime factors of 20652.
2, 3, 1721
What are the prime factors of 8279921?
13, 636917
List the prime factors of 13196113.
7, 1885159
What are the prime factors of 224615?
5, 167, 269
What are the prime factors of 6547010?
2, 5, 654701
List the prime factors of 927385.
5, 185477
List the prime factors of 12146293.
3259, 3727
List the prime factors of 726209.
11, 107, 617
What are the prime factors of 1161616?
2, 79, 919
List the prime factors of 4881056.
2, 152533
What are the prime factors of 30057228?
2, 3, 23, 31, 1171
What are the prime factors of 3221831?
353, 9127
List the prime factors of 2057064.
2, 3, 85711
List the prime factors of 467349.
3, 155783
List the prime factors of 177599.
17, 31, 337
What are the prime factors of 166748?
2, 41687
List the prime factors of 245187.
3, 1009
What are the prime factors of 18535774?
2, 9267887
What are the prime factors of 198062?
2, 167, 593
List the prime factors of 34790744.
2, 4348843
What are the prime factors of 319023?
3, 35447
List the prime factors of 2283855.
3, 5, 7, 21751
What are the prime factors of 17363280?
2, 3, 5, 11, 6577
What are the prime factors of 8864?
2, 277
List the prime factors of 797646.
2, 3, 37, 3593
List the prime factors of 18185990.
2, 5, 43, 42293
What are the prime factors of 1476771?
3, 492257
What are the prime factors of 3030517?
7, 432931
What are the prime factors of 4939597?
13, 61, 6229
List the prime factors of 1713227.
1713227
What are the prime factors of 68141?
68141
List the prime factors of 351350.
2, 5, 7027
List the prime factors of 402767.
402767
What are the prime factors of 393988?
2, 7, 14071
What are the prime factors of 434115?
3, 5, 11, 877
What are the prime factors of 262946?
2, 73, 1801
What are the prime factors of 152113?
13, 11701
List the prime factors of 427221.
3, 15823
What are the prime factors of 4339602?
2, 3, 80363
What are the prime factors of 1640695?
5, 7, 46877
List the prime factors of 2375014.
2, 1187507
List the prime factors of 321469.
321469
List the prime factors of 82379.
11, 7489
What are the prime factors of 515772?
2, 3, 14327
List the prime factors of 811313.
839, 967
List the prime factors of 73414.
2, 11, 47, 71
List the prime factors of 3668330.
2, 5, 19, 43, 449
What are the prime factors of 10517153?
31, 339263
List the prime factors of 5828785.
5, 947, 1231
What are the prime factors of 17098334?
2, 11, 151, 5147
List the prime factors of 669264.
2, 3, 73, 191
List the prime factors of 4570342.
2, 7, 29, 11257
List the prime factors of 7994029.
17, 139, 199
What are the prime factors of 10325?
5, 7, 59
List the prime factors of 129059.
7, 103, 179
What are the prime factors of 249947?
249947
List the prime factors of 345335.
5, 69067
List the prime factors of 32153526.
2, 3, 1019, 1753
What are the prime factors of 26107716?
2, 3, 17, 127979
What are the prime factors of 201856?
2, 19, 83
What are the prime factors of 4306821?
3, 1435607
What are the prime factors of 309054?
2, 3, 19, 2711
List the prime factors of 6240047.
11, 567277
What are the prime factors of 343528?
2, 23, 1867
What are the prime factors of 5393335?
5, 17, 107, 593
List the prime factors of 7884636.
2, 3, 29, 139, 163
What are the prime factors of 408690?
2, 3, 5, 19, 239
What are the prime factors of 18599305?
5, 73, 50957
List the prime factors of 1720981.
37, 193, 241
What are the prime factors of 1062833?
239, 4447
List the prime factors of 4032728.
2, 7, 23, 31, 101
List the prime factors of 143867.
47, 3061
What are the prime factors of 3277176?
2, 3, 7, 19507
List the prime factors of 6716662.
2, 617, 5443
What are the prime factors of 25440774?
2, 3, 1571, 2699
List the prime factors of 345111.
3, 13, 8849
What are the prime factors of 9526677?
3, 3175559
List the pri